{"id":692,"date":"2024-02-26T10:54:39","date_gmt":"2024-02-26T09:54:39","guid":{"rendered":"https:\/\/www.votteler.com\/?page_id=692"},"modified":"2024-07-19T12:04:29","modified_gmt":"2024-07-19T10:04:29","slug":"technikum","status":"publish","type":"page","link":"https:\/\/www.votteler.com\/de\/technikum\/","title":{"rendered":"Technikum"},"content":{"rendered":"\n<div class=\"wp-block-columns are-vertically-aligned-center is-layout-flex wp-container-core-columns-is-layout-28f84493 wp-block-columns-is-layout-flex\">\n<div class=\"wp-block-column is-vertically-aligned-center is-layout-flow wp-block-column-is-layout-flow\">\n<h3 class=\"wp-block-heading\">Farben, Trends &#8211; und M\u00f6glichkeiten ohne Grenzen: Gute Ideen m\u00fcssen aus dem Kopf und auf die Anlage.<\/h3>\n\n\n\n<p>Ohne tiefe Begeisterung und Leidenschaft f\u00fcr Farben und Designs \u2013 kein taugliches Produkt: Diesen Grundsatz wird Ihnen bei Votteler jeder best\u00e4tigen.&nbsp;<\/p>\n\n\n\n<p>Durch unsere Branchenn\u00e4he machen wir uns fr\u00fchzeitig Gedanken, was ein zu entwickelndes Farbprodukt leisten muss. Angefangen bei der engen Zusammenarbeit mit der Rohstoffindustrie, wodurch beispielsweise neuartige Effekte fr\u00fch in Farben einflie\u00dfen. Und fortgesetzt im intensiven Austausch mit den einzelnen Anwenderbranchen, wo unser Wissen und unsere Flexibilit\u00e4t zu Kreationen werden, die ihrer Zeit immer einen Schritt voraus sind.<\/p>\n\n\n\n<div class=\"wp-block-buttons is-layout-flex wp-block-buttons-is-layout-flex\">\n<div class=\"wp-block-button\"><a class=\"wp-block-button__link wp-element-button\" href=\"https:\/\/www.votteler.com\/branchen\/engineered-ideas\/\">Unsere Individuelle L\u00f6sung f\u00fcr Sie<\/a><\/div>\n<\/div>\n<\/div>\n\n\n\n<div class=\"wp-block-column is-vertically-aligned-center is-layout-flow wp-block-column-is-layout-flow\">\n<figure class=\"wp-block-image size-large\"><img loading=\"lazy\" decoding=\"async\" width=\"1024\" height=\"912\" src=\"https:\/\/www.votteler.com\/wp-content\/uploads\/2024\/03\/02_technikum-1024x912.jpg\" alt=\"Votteler Technikum\" class=\"wp-image-1272\" srcset=\"https:\/\/www.votteler.com\/wp-content\/uploads\/2024\/03\/02_technikum-1024x912.jpg 1024w, https:\/\/www.votteler.com\/wp-content\/uploads\/2024\/03\/02_technikum-300x267.jpg 300w, https:\/\/www.votteler.com\/wp-content\/uploads\/2024\/03\/02_technikum-768x684.jpg 768w, https:\/\/www.votteler.com\/wp-content\/uploads\/2024\/03\/02_technikum.jpg 1111w\" sizes=\"auto, (max-width: 1024px) 100vw, 1024px\" \/><\/figure>\n<\/div>\n<\/div>\n\n\n\n<div class=\"wp-block-columns are-vertically-aligned-center is-layout-flex wp-container-core-columns-is-layout-28f84493 wp-block-columns-is-layout-flex\">\n<div class=\"wp-block-column is-vertically-aligned-center is-layout-flow wp-block-column-is-layout-flow\" style=\"flex-basis:33%\">\n<figure class=\"wp-block-image size-large\"><img loading=\"lazy\" decoding=\"async\" width=\"1024\" height=\"912\" src=\"https:\/\/www.votteler.com\/wp-content\/uploads\/2024\/03\/03_technikum-1024x912.jpg\" alt=\"Votteler Technikum Farbschaufeln\" class=\"wp-image-1273\" srcset=\"https:\/\/www.votteler.com\/wp-content\/uploads\/2024\/03\/03_technikum-1024x912.jpg 1024w, https:\/\/www.votteler.com\/wp-content\/uploads\/2024\/03\/03_technikum-300x267.jpg 300w, https:\/\/www.votteler.com\/wp-content\/uploads\/2024\/03\/03_technikum-768x684.jpg 768w, https:\/\/www.votteler.com\/wp-content\/uploads\/2024\/03\/03_technikum.jpg 1111w\" sizes=\"auto, (max-width: 1024px) 100vw, 1024px\" \/><\/figure>\n<\/div>\n\n\n\n<div class=\"wp-block-column is-vertically-aligned-center is-layout-flow wp-block-column-is-layout-flow\" style=\"flex-basis:66%\">\n<h3 class=\"wp-block-heading\">Aus Faszination wird Inspiration.<\/h3>\n\n\n\n<p>Jedes Farbprodukt von Votteler spiegelt unsere gesamte Leidenschaft f\u00fcr Farbe, Optik und Haptik wieder. Tauchen Sie mit uns ein in die Farbtrends der Natur und erleben Sie ein faszinierendes Wechselspiel von Farbt\u00f6nen, Nuancen, Schattierungen und Glanzgraden \u2013 von Strukturen und Haptik.&nbsp;<\/p>\n\n\n\n<div class=\"wp-block-buttons is-layout-flex wp-block-buttons-is-layout-flex\">\n<div class=\"wp-block-button\"><a class=\"wp-block-button__link wp-element-button\" href=\"https:\/\/www.votteler.com\/branchen\/rim\/\">Unbegrenzte M\u00f6glichkeiten mit PURIFLOW<sup>\u00ae<\/sup><\/a><\/div>\n<\/div>\n<\/div>\n<\/div>\n\n\n\n<div class=\"wp-block-cover alignfull has-parallax wp-duotone-000000-1e4e9d-1\" style=\"margin-top:30px;margin-bottom:30px;padding-right:30px;padding-left:30px;min-height:398px;aspect-ratio:unset;\"><span aria-hidden=\"true\" class=\"wp-block-cover__background has-background-dim-30 has-background-dim\"><\/span><div class=\"wp-block-cover__image-background wp-image-1272 has-parallax\" style=\"background-position:50% 50%;background-image:url(https:\/\/www.votteler.com\/wp-content\/uploads\/2024\/03\/02_technikum.jpg)\"><\/div><div class=\"wp-block-cover__inner-container has-global-padding is-layout-constrained wp-container-core-cover-is-layout-60fb84e5 wp-block-cover-is-layout-constrained\">\n<div class=\"wp-block-columns is-layout-flex wp-container-core-columns-is-layout-28f84493 wp-block-columns-is-layout-flex\">\n<div class=\"wp-block-column has-global-padding is-layout-constrained wp-container-core-column-is-layout-79ca9124 wp-block-column-is-layout-constrained\">\n<h2 class=\"wp-block-heading has-text-align-left has-white-color has-text-color\" style=\"font-size:clamp(1.976em, 1.976rem + ((1vw - 0.2em) * 2.258), 3.5em);font-style:normal;font-weight:600;letter-spacing:0px;line-height:1.3;text-transform:none\">Wir schaffen M\u00f6glichkeiten f\u00fcr scheinbar Unm\u00f6gliches.<\/h2>\n<\/div>\n\n\n\n<div class=\"wp-block-column is-vertically-aligned-center is-layout-flow wp-block-column-is-layout-flow\">\n<p><\/p>\n\n\n\n<p class=\"has-text-align-left\" style=\"font-style:normal;font-weight:600\">Wie ein Fotograf spielen wir gerne mit dem Perspektivenwechsel \u2013 vom \u201eWeitwinkel\u201c der gesamten Votteler-Systemwelt bis zum \u201eMakro-Detail\u201c des Rohstoffs und des einzelnen Effektpigments.\u00a0<\/p>\n\n\n\n<p class=\"has-text-align-left\" style=\"font-style:normal;font-weight:600\">Lassen Sie sich von der ungeheuren Vielfalt und ihren M\u00f6glichkeiten begeistern \u2013 sehen und f\u00fchlen Sie selbst.<\/p>\n\n\n\n<div class=\"wp-block-buttons is-layout-flex wp-block-buttons-is-layout-flex\">\n<div class=\"wp-block-button\"><a class=\"wp-block-button__link wp-element-button\" href=\"https:\/\/www.votteler.com\/downloads\/\">Produktflyer<\/a><\/div>\n<\/div>\n<\/div>\n<\/div>\n<\/div><\/div>\n\n\n\n<div class=\"wp-block-columns is-layout-flex wp-container-core-columns-is-layout-28f84493 wp-block-columns-is-layout-flex\">\n<div class=\"wp-block-column is-vertically-aligned-top is-layout-flow wp-block-column-is-layout-flow\">\n<h3 class=\"wp-block-heading\">Designer k\u00f6nnen nur so gut designen, wie es die Technik zul\u00e4sst.<\/h3>\n\n\n\n<p>Begeisterung f\u00fcr Design und Finish sind das Eine \u2013 das Andere sind die Techniken, die es m\u00f6glich machen. Bei Votteler k\u00f6nnen Sie sich nicht nur auf Designversteher, sondern auf erfahrene Profis in der Anwendungstechnik verlassen: Wir kennen jede Anlage. Dabei lautet unsere Devise \u201eGeht nicht, gibt\u2019s erst mal nicht\u201c.&nbsp;<\/p>\n\n\n\n<p>Unsere voll ausgestatteten Technika bieten alle M\u00f6glichkeiten der industriellen Applikation und Trocknung. Hier k\u00f6nnen wir unter Realbedingungen anmischen, auftragen, trocknen, &nbsp;pr\u00fcfen, dokumentieren \u2013 um bei Bedarf alles wieder zu verwerfen und nochmal neu ans Werk zu gehen. So stellen wir sicher, dass sich die gew\u00fcnschte Theorie in eine g\u00e4ngige und wirtschaftliche Praxis \u00fcberf\u00fchren l\u00e4sst. Oder manchmal eben auch nicht.&nbsp;<\/p>\n\n\n\n<p>Wir freuen uns darauf, Sie und Ihre Ideen kennenzulernen \u2026 und zu verwirklichen.<\/p>\n\n\n\n<div class=\"wp-block-buttons is-layout-flex wp-block-buttons-is-layout-flex\">\n<div class=\"wp-block-button\"><a class=\"wp-block-button__link wp-element-button\" href=\"https:\/\/www.votteler.com\/anfrage\/\">Kontaktieren Sie uns! <\/a><\/div>\n<\/div>\n<\/div>\n\n\n\n<div class=\"wp-block-column is-vertically-aligned-center is-layout-flow wp-block-column-is-layout-flow\">\n<figure class=\"wp-block-image size-large\"><img loading=\"lazy\" decoding=\"async\" width=\"1024\" height=\"912\" src=\"https:\/\/www.votteler.com\/wp-content\/uploads\/2024\/03\/04_technikum-1024x912.jpg\" alt=\"Votteler Technikum\" class=\"wp-image-1277\" srcset=\"https:\/\/www.votteler.com\/wp-content\/uploads\/2024\/03\/04_technikum-1024x912.jpg 1024w, https:\/\/www.votteler.com\/wp-content\/uploads\/2024\/03\/04_technikum-300x267.jpg 300w, https:\/\/www.votteler.com\/wp-content\/uploads\/2024\/03\/04_technikum-768x684.jpg 768w, https:\/\/www.votteler.com\/wp-content\/uploads\/2024\/03\/04_technikum.jpg 1111w\" sizes=\"auto, (max-width: 1024px) 100vw, 1024px\" \/><\/figure>\n<\/div>\n<\/div>\n","protected":false},"excerpt":{"rendered":"<p>Farben, Trends &#8211; und M\u00f6glichkeiten ohne Grenzen: Gute Ideen m\u00fcssen aus dem Kopf und auf die Anlage. Ohne tiefe Begeisterung und Leidenschaft f\u00fcr Farben und Designs \u2013 kein taugliches Produkt: Diesen Grundsatz wird Ihnen bei Votteler jeder best\u00e4tigen.&nbsp; Durch unsere Branchenn\u00e4he machen wir uns fr\u00fchzeitig Gedanken, was ein zu entwickelndes Farbprodukt leisten muss. Angefangen bei [&hellip;]<\/p>\n","protected":false},"author":4,"featured_media":1337,"parent":0,"menu_order":0,"comment_status":"closed","ping_status":"closed","template":"wp-custom-template-seitentemplate-technikum","meta":{"_acf_changed":false,"footnotes":""},"class_list":["post-692","page","type-page","status-publish","has-post-thumbnail","hentry"],"acf":[],"_links":{"self":[{"href":"https:\/\/www.votteler.com\/de\/wp-json\/wp\/v2\/pages\/692","targetHints":{"allow":["GET"]}}],"collection":[{"href":"https:\/\/www.votteler.com\/de\/wp-json\/wp\/v2\/pages"}],"about":[{"href":"https:\/\/www.votteler.com\/de\/wp-json\/wp\/v2\/types\/page"}],"author":[{"embeddable":true,"href":"https:\/\/www.votteler.com\/de\/wp-json\/wp\/v2\/users\/4"}],"replies":[{"embeddable":true,"href":"https:\/\/www.votteler.com\/de\/wp-json\/wp\/v2\/comments?post=692"}],"version-history":[{"count":16,"href":"https:\/\/www.votteler.com\/de\/wp-json\/wp\/v2\/pages\/692\/revisions"}],"predecessor-version":[{"id":3838,"href":"https:\/\/www.votteler.com\/de\/wp-json\/wp\/v2\/pages\/692\/revisions\/3838"}],"wp:featuredmedia":[{"embeddable":true,"href":"https:\/\/www.votteler.com\/de\/wp-json\/wp\/v2\/media\/1337"}],"wp:attachment":[{"href":"https:\/\/www.votteler.com\/de\/wp-json\/wp\/v2\/media?parent=692"}],"curies":[{"name":"wp","href":"https:\/\/api.w.org\/{rel}","templated":true}]}}

<div class="wp-block-columns are-vertically-aligned-center is-layout-flex wp-container-core-columns-is-layout-28f84493 wp-block-columns-is-layout-flex">
<div class="wp-block-column is-vertically-aligned-center is-layout-flow wp-block-column-is-layout-flow">
<h3 class="wp-block-heading">Farben, Trends &#8211; und Möglichkeiten ohne Grenzen: Gute Ideen müssen aus dem Kopf und auf die Anlage.</h3>



<p>Ohne tiefe Begeisterung und Leidenschaft für Farben und Designs – kein taugliches Produkt: Diesen Grundsatz wird Ihnen bei Votteler jeder bestätigen.&nbsp;</p>



<p>Durch unsere Branchennähe machen wir uns frühzeitig Gedanken, was ein zu entwickelndes Farbprodukt leisten muss. Angefangen bei der engen Zusammenarbeit mit der Rohstoffindustrie, wodurch beispielsweise neuartige Effekte früh in Farben einfließen. Und fortgesetzt im intensiven Austausch mit den einzelnen Anwenderbranchen, wo unser Wissen und unsere Flexibilität zu Kreationen werden, die ihrer Zeit immer einen Schritt voraus sind.</p>



<div class="wp-block-buttons is-layout-flex wp-block-buttons-is-layout-flex">
<div class="wp-block-button"><a class="wp-block-button__link wp-element-button" href="https://www.votteler.com/branchen/engineered-ideas/">Unsere Individuelle Lösung für Sie</a></div>
</div>
</div>



<div class="wp-block-column is-vertically-aligned-center is-layout-flow wp-block-column-is-layout-flow">
<figure class="wp-block-image size-large"><img loading="lazy" decoding="async" width="1024" height="912" src="https://www.votteler.com/wp-content/uploads/2024/03/02_technikum-1024x912.jpg" alt="Votteler Technikum" class="wp-image-1272" srcset="https://www.votteler.com/wp-content/uploads/2024/03/02_technikum-1024x912.jpg 1024w, https://www.votteler.com/wp-content/uploads/2024/03/02_technikum-300x267.jpg 300w, https://www.votteler.com/wp-content/uploads/2024/03/02_technikum-768x684.jpg 768w, https://www.votteler.com/wp-content/uploads/2024/03/02_technikum.jpg 1111w" sizes="auto, (max-width: 1024px) 100vw, 1024px" /></figure>
</div>
</div>



<div class="wp-block-columns are-vertically-aligned-center is-layout-flex wp-container-core-columns-is-layout-28f84493 wp-block-columns-is-layout-flex">
<div class="wp-block-column is-vertically-aligned-center is-layout-flow wp-block-column-is-layout-flow" style="flex-basis:33%">
<figure class="wp-block-image size-large"><img loading="lazy" decoding="async" width="1024" height="912" src="https://www.votteler.com/wp-content/uploads/2024/03/03_technikum-1024x912.jpg" alt="Votteler Technikum Farbschaufeln" class="wp-image-1273" srcset="https://www.votteler.com/wp-content/uploads/2024/03/03_technikum-1024x912.jpg 1024w, https://www.votteler.com/wp-content/uploads/2024/03/03_technikum-300x267.jpg 300w, https://www.votteler.com/wp-content/uploads/2024/03/03_technikum-768x684.jpg 768w, https://www.votteler.com/wp-content/uploads/2024/03/03_technikum.jpg 1111w" sizes="auto, (max-width: 1024px) 100vw, 1024px" /></figure>
</div>



<div class="wp-block-column is-vertically-aligned-center is-layout-flow wp-block-column-is-layout-flow" style="flex-basis:66%">
<h3 class="wp-block-heading">Aus Faszination wird Inspiration.</h3>



<p>Jedes Farbprodukt von Votteler spiegelt unsere gesamte Leidenschaft für Farbe, Optik und Haptik wieder. Tauchen Sie mit uns ein in die Farbtrends der Natur und erleben Sie ein faszinierendes Wechselspiel von Farbtönen, Nuancen, Schattierungen und Glanzgraden – von Strukturen und Haptik.&nbsp;</p>



<div class="wp-block-buttons is-layout-flex wp-block-buttons-is-layout-flex">
<div class="wp-block-button"><a class="wp-block-button__link wp-element-button" href="https://www.votteler.com/branchen/rim/">Unbegrenzte Möglichkeiten mit PURIFLOW<sup>®</sup></a></div>
</div>
</div>
</div>



<div class="wp-block-cover alignfull has-parallax wp-duotone-000000-1e4e9d-1" style="margin-top:30px;margin-bottom:30px;padding-right:30px;padding-left:30px;min-height:398px;aspect-ratio:unset;"><span aria-hidden="true" class="wp-block-cover__background has-background-dim-30 has-background-dim"></span><div class="wp-block-cover__image-background wp-image-1272 has-parallax" style="background-position:50% 50%;background-image:url(https://www.votteler.com/wp-content/uploads/2024/03/02_technikum.jpg)"></div><div class="wp-block-cover__inner-container has-global-padding is-layout-constrained wp-container-core-cover-is-layout-60fb84e5 wp-block-cover-is-layout-constrained">
<div class="wp-block-columns is-layout-flex wp-container-core-columns-is-layout-28f84493 wp-block-columns-is-layout-flex">
<div class="wp-block-column has-global-padding is-layout-constrained wp-container-core-column-is-layout-79ca9124 wp-block-column-is-layout-constrained">
<h2 class="wp-block-heading has-text-align-left has-white-color has-text-color" style="font-size:clamp(1.976em, 1.976rem + ((1vw - 0.2em) * 2.258), 3.5em);font-style:normal;font-weight:600;letter-spacing:0px;line-height:1.3;text-transform:none">Wir schaffen Möglichkeiten für scheinbar Unmögliches.</h2>
</div>



<div class="wp-block-column is-vertically-aligned-center is-layout-flow wp-block-column-is-layout-flow">
<p></p>



<p class="has-text-align-left" style="font-style:normal;font-weight:600">Wie ein Fotograf spielen wir gerne mit dem Perspektivenwechsel – vom „Weitwinkel“ der gesamten Votteler-Systemwelt bis zum „Makro-Detail“ des Rohstoffs und des einzelnen Effektpigments. </p>



<p class="has-text-align-left" style="font-style:normal;font-weight:600">Lassen Sie sich von der ungeheuren Vielfalt und ihren Möglichkeiten begeistern – sehen und fühlen Sie selbst.</p>



<div class="wp-block-buttons is-layout-flex wp-block-buttons-is-layout-flex">
<div class="wp-block-button"><a class="wp-block-button__link wp-element-button" href="https://www.votteler.com/downloads/">Produktflyer</a></div>
</div>
</div>
</div>
</div></div>



<div class="wp-block-columns is-layout-flex wp-container-core-columns-is-layout-28f84493 wp-block-columns-is-layout-flex">
<div class="wp-block-column is-vertically-aligned-top is-layout-flow wp-block-column-is-layout-flow">
<h3 class="wp-block-heading">Designer können nur so gut designen, wie es die Technik zulässt.</h3>



<p>Begeisterung für Design und Finish sind das Eine – das Andere sind die Techniken, die es möglich machen. Bei Votteler können Sie sich nicht nur auf Designversteher, sondern auf erfahrene Profis in der Anwendungstechnik verlassen: Wir kennen jede Anlage. Dabei lautet unsere Devise „Geht nicht, gibt’s erst mal nicht“.&nbsp;</p>



<p>Unsere voll ausgestatteten Technika bieten alle Möglichkeiten der industriellen Applikation und Trocknung. Hier können wir unter Realbedingungen anmischen, auftragen, trocknen, &nbsp;prüfen, dokumentieren – um bei Bedarf alles wieder zu verwerfen und nochmal neu ans Werk zu gehen. So stellen wir sicher, dass sich die gewünschte Theorie in eine gängige und wirtschaftliche Praxis überführen lässt. Oder manchmal eben auch nicht.&nbsp;</p>



<p>Wir freuen uns darauf, Sie und Ihre Ideen kennenzulernen … und zu verwirklichen.</p>



<div class="wp-block-buttons is-layout-flex wp-block-buttons-is-layout-flex">
<div class="wp-block-button"><a class="wp-block-button__link wp-element-button" href="https://www.votteler.com/anfrage/">Kontaktieren Sie uns! </a></div>
</div>
</div>



<div class="wp-block-column is-vertically-aligned-center is-layout-flow wp-block-column-is-layout-flow">
<figure class="wp-block-image size-large"><img loading="lazy" decoding="async" width="1024" height="912" src="https://www.votteler.com/wp-content/uploads/2024/03/04_technikum-1024x912.jpg" alt="Votteler Technikum" class="wp-image-1277" srcset="https://www.votteler.com/wp-content/uploads/2024/03/04_technikum-1024x912.jpg 1024w, https://www.votteler.com/wp-content/uploads/2024/03/04_technikum-300x267.jpg 300w, https://www.votteler.com/wp-content/uploads/2024/03/04_technikum-768x684.jpg 768w, https://www.votteler.com/wp-content/uploads/2024/03/04_technikum.jpg 1111w" sizes="auto, (max-width: 1024px) 100vw, 1024px" /></figure>
</div>
</div>

<p>Farben, Trends &#8211; und Möglichkeiten ohne Grenzen: Gute Ideen müssen aus dem Kopf und auf die Anlage. Ohne tiefe Begeisterung und Leidenschaft für Farben und Designs – kein taugliches Produkt: Diesen Grundsatz wird Ihnen bei Votteler jeder bestätigen.&nbsp; Durch unsere Branchennähe machen wir uns frühzeitig Gedanken, was ein zu entwickelndes Farbprodukt leisten muss. Angefangen bei [&hellip;]</p>
